(i) be the second derivative of -7*i**4/24 + i**3/3 - 13*i**2/2 + 10*i. Let q(c) be the first derivative of t(c). What is the hundreds digit of q(-18)?
1
Suppose -639*o - 1067444 = -773*o. What is the units digit of o?
6
Suppose 2*x + 1 + 1 = 3*n, -5*n = x - 12. Suppose 112*d - 133*d - 7 = 245. What is the tens digit of 295 - (x/(-3))/(d/(-36))?
9
Let o(i) = -5*i**2 - 53*i - 3. Let u be o(6). Let p = 749 + u. What is the hundreds digit of p?
2
Let s(q) = -q**2 - 9*q + 6. Let u be s(0). What is the units digit of 45 - (-16 + 19)*(-4)/u?
7
Suppose -p - 4 = 0, 5*b - 5 = -4*p - 31. Suppose 4*v - 3 = 397. What is the units digit of -2 + 6 - v/b?
4
Suppose 0 = 2*l - 3297 - 2359. Let w = -1737 + l. What is the thousands digit of w?
1
Let r(j) = 18*j**2 - 3*j - 1. Let v = 668 - 665. What is the units digit of r(v)?
2
Suppose 28*s - 35*s + 868 = 0. Suppose 3*n - 715 = 4*k, 5*k + 86 = -n + 318. Let y = n - s. What is the hundreds digit of y?
1
Let m(u) = -u - 2. Let h be m(-5). Suppose 28 = 11*t + h*t. Suppose t*p - 6*p + 4 = 0. What is the units digit of p?
1
What is the hundreds digit of (-2)/(-8)*32683 - 9/12?
1
Suppose h + 4*l + 5 + 7 = 0, 4*l = 4*h + 68. Suppose 79 = 2*g + y, -5*y - 2 = -3*y. Let s = g - h. What is the units digit of s?
6
Let h = -447 - -111. Let l = 71 - h. What is the hundreds digit of l?
4
Suppose -9*t + 183 + 96 = 0. Suppose -5*f + 4*h + 47 = -2*f, 0 = -3*f - 4*h + t. Suppose 326 = -f*w + 1171. What is the tens digit of w?
6
Let u be (0 - 0)/2 + -18 + 17. Let b = -4 - u. What is the tens digit of 4 + (b - -48 - 1)?
4
Let k = 13769 - 3399. What is the units digit of k?
0
Suppose -136 + 112 = -6*p. Suppose 0 = 6*k - 8*k - p*q + 1402, -4*k + 2*q + 2764 = 0. What is the tens digit of k?
9
Let m = -22198 - -39662. What is the tens digit of m?
6
Let n = -34 - -30. Let u be n/(-7) - 52/(-7). Suppose -5*r - u*r + 1014 = 0. What is the tens digit of r?
7
Let w(t) = 2*t**2 - 4*t - 3. Let z be w(-1). Let s be z/9 - (-17)/3. What is the tens digit of s/((-60)/65)*2*-1?
1
Suppose 4*n = -2*q - 6, 5*q + 9 = -2*n + 2. Let u(y) = 461*y + 482*y - 938*y + 4 + 74*y**2. What is the tens digit of u(q)?
7
Let l(u) = 16 + 7 + 4*u - 13 + 192*u**2 + 3*u. Let v be l(-2). Suppose -3*i = 3*j - 163 - 305, -5*i - j + v = 0. What is the units digit of i?
2
Let s(a) be the second derivative of -83*a**3/6 + a**2 + 3*a + 4. What is the tens digit of s(-1)?
8
What is the hundreds digit of (1 - (-754)/(-130))*-8225?
4
Let m(w) = 131*w**3 + w**2 - w + 2. Let h be m(1). Suppose 4*o - 311 = h. What is the hundreds digit of o?
1
Let s be (-1)/3 + 56/24. Suppose -530 = -3*g + 2*z, -g - s*z = -6*z - 190. What is the tens digit of g?
7
Suppose -86*b + 8267488 = 2221258. What is the tens digit of b?
0
Let u = 85256 + -44756. What is the thousands digit of u?
0
What is the tens digit of 21/(-84) + (-899406)/(-24)?
7
Let q(c) = 2*c**2 + 77*c + 311. What is the thousands digit of q(-75)?
5
Let o(t) = -9*t**2 + 17*t - t**3 - 7 + 1 + 9 + 9. Let r be o(-9). Let a = 90 - r. What is the hundreds digit of a?
2
Suppose -485196 - 237044 = -202*w + 170*w. What is the tens digit of w?
7
Suppose 2 = -2*h, 3*t - 10718 = 3*h + 13756. What is the units digit of t?
7
Let k = 127 - -2621. Suppose -8*m - 1374 = -9*m + r, 0 = -2*m - r + k. What is the hundreds digit of m?
3
Let v = -32 + 100. What is the hundreds digit of v/(-20) + 4 - (-2957)/5?
5
Let q = 20036 + 2448. What is the hundreds digit of q?
4
Suppose 0 = -4*f - 5*c - 31, -5*f - 35 - 8 = 2*c. What is the units digit of 844 - (6 + f + 0)?
7
Suppose 3*v - w - w = 2, -4*v = w - 21. Let s be 5 - 0/v*(-2)/4. Suppose 4*b = -0*u - s*u + 97, 90 = 4*u - 3*b. What is the units digit of u?
1
Let o(r) = 2*r**2 + 6*r - 14. Let s be o(-6). Suppose 2*z + s - 40 = 0. Suppose 0 = -f + 140 - z. What is the units digit of f?
1
Let s be -18 + 20 + (1 - -1). Suppose 47 = -x - s. Let l = x + 80. What is the tens digit of l?
2
Let n = 61557 + -24376. What is the thousands digit of n?
7
Suppose 92825 = 5*b - 5*g, -10*g = 5*b - 8*g - 92867. What is the units digit of b?
1
Suppose -p + 1 = -9. Suppose -35*k + 30*k = -p. Suppose 1 = g - k*g, -2*r = -g - 89. What is the tens digit of r?
4
Let y be (42/(-4))/((-14)/(-8) + -1). Let d = y + 18. What is the tens digit of 57/(d/64*6)?
5
Suppose -3*i + i + 14900 = -2*c, 14903 = 2*i - c. What is the units digit of i?
3
Let j(b) = 8*b**2 - 28*b - 1. Let t be j(-14). Suppose 4855 = 5*y + 5*g, -4*y = g + t - 5840. What is the tens digit of y?
7
Let i(z) = -162*z + 4. Let b be i(-5). Suppose 2*n + b = 13*n. Suppose 5*c = -4*l + 94, 2*c + n = 3*l + 4*c. What is the units digit of l?
6
Suppose y = -5*n + 1473, -15 = -0*y - 5*y. Suppose -9*b + n = -8*b. What is the hundreds digit of b?
2
Let t(f) = f**3 + 3*f**2 - 95*f + 16. Let b(c) = 8*c - 204. Let j be b(27). What is the units digit of t(j)?
6
Let t(h) = -33*h + 15*h + 1054*h**2 + 4 + 13*h. Let d be t(4). What is the tens digit of 4/22 - d/(-143)?
1
Suppose 2*s - 97 = -4*y + 545, -s + 637 = 4*y. Suppose 0 = -5*w - 45 - 5. Let g = y + w. What is the tens digit of g?
4
Suppose -v - 5*h = -2*h - 2, 2*h = -5*v + 23. Suppose -4*t + 4*b = -b - 15, b - v = 0. What is the units digit of 516/t + 3/(-5)?
1
Suppose -18421 = -3*n + 5*z, -26*n + 28*n - 5*z - 12274 = 0. What is the hundreds digit of n?
1
Suppose 0 = -33*u + 35*u - p - 29688, -5*u - 3*p = -74209. What is the tens digit of u?
4
Let r = 1077 - 755. Suppose 4*x = 8, 3*x + 563 = 3*k - r. What is the units digit of k?
7
Let b = 3656 + -3273. What is the units digit of b?
3
Let t(l) = 2*l**2 + 7*l - 26. Let b be t(-6). Suppose -8*j = -2*n - 13*j + 1094, b*n + 4*j - 2176 = 0. What is the tens digit of n?
4
Let c = -107 + 110. Suppose -3*o - 618 = -5*o - c*u, -942 = -3*o + 3*u. What is the units digit of o?
2
Let c(l) = -6*l + 157. Let k be c(24). Suppose -k*s - 131 = -430. What is the tens digit of s?
2
Suppose 0 = 203*a - 308801 - 199917. What is the units digit of a?
6
Let d(r) = 87*r - 1. Let u be d(-3). Let c be (43 + -458 + (7 - 0))/(-1). Let g = u + c. What is the tens digit of g?
4
Let y be (-10076)/(-14) - 6/(-21). Suppose -4*c + c = -y. Suppose 0*v + c = 6*v. What is the units digit of v?
0
Let v = 24806 - 9961. What is the ten thousands digit of v?
1
Let j = 5166 + 9632. What is the ten thousands digit of j?
1
Let u be (-4 + (-20)/12)*(0 + -90). What is the hundreds digit of (-15)/(-5)*4/18*u?
3
Suppose -3*j + 3*a = -231, 11*j - 6*j = -3*a + 361. Suppose 69*i - j*i + 2525 = 0. What is the hundreds digit of i?
5
Let j = -614 + 810. Let p = 250 - j. What is the units digit of p?
4
What is the thousands digit of (-11 - 30776/(-40))/(1/10)?
7
Suppose -514 = -6*x + 302. Let n = 138 - x. Suppose -6*c = -n*c - 392. What is the units digit of c?
8
Let x be 0/(-4) + (0 - (3 + -3)). Suppose 4*k = x, -4*i + 756 = -2*k - 3*k. What is the hundreds digit of i?
1
Let c(i) = -158*i + 33. Let w(o) = -158*o + 34. Let m(l) = 5*c(l) - 4*w(l). Let f be m(-12). What is the hundreds digit of (f/21 - (-1 - -2))*3?
2
Let d = 81 - 82. Let v be ((-7)/2 - d)*96/(-60). Suppose 4*p - 196 = -v*t, -2*p - 4*t - 19 = -127. What is the tens digit of p?
4
Suppose -5*v - 16*x + 21*x = -24830, v - 2*x = 4967. What is the hundreds digit of v?
9
Let s(k) = 0 - 2 + 12*k**2 + 2*k**2 - 21*k + 3*k**3 + 4. What is the units digit of s(5)?
2
Suppose -3 - 23 = 26*k. What is the units digit of (k/(-4)*-34)/((-3)/72)?
4
Suppose -7*b + 25 = z - 3*b, -2*z + b + 5 = 0. Suppose -12*l + 11*l = -z. Suppose 71 = l*q - 79. What is the tens digit of q?
3
What is the ten thousands digit of (152582/(-4) - (-9)/(-36))/(69/(-92))?
5
Let u be (874/(-57))/((-6)/189). Suppose 3*w - 261 = u. What is the tens digit of w?
4
Suppose 16*q - 8649 = -4*s + 19*q, 4 = 4*q. What is the thousands digit of s?
2
Let w(t) = 24*t**2 - 9*t - 20. Let y(m) = -2*m**3 + 3*m + 6. Let z be y(2). What is the units digit of w(z)?
0
Suppose 4*m = 4*l - 648, -2*m = 8 - 0. Suppose -l = -6*b + 70. Let w = 56 - b. What is the tens digit of w?
1
Let w(h) = 14*h**2 + 5*h - 92. Let k be w(10). Suppose i - k = -i. What is the tens digit of i?
7
Let f(t) = 143*t**2 + 60*t - 2. What is the hundreds digit of f(22)?
5
Suppose 56940 = 49*w - 45*w - 4*f, -w = 2*f - 14235. What is the hundreds digit of w?
2
Let s